87 - c. What are the prime factors of q?
3, 13
Let f be -3*(24/9)/(-4). Suppose k - 2*k = -f. What are the prime factors of k + -8 + 3 - -9?
2, 3
Suppose 4*s = -x + 6, -2*s + 1 - 5 = -3*x. Let n(y) = -6 + 1 + 4*y - 4 + s. List the prime factors of n(4).
2
Let t(g) = 2*g**2 + g - 2. Suppose -16*k + 15*k - 2 = 0. Let h be t(k). Suppose -h*s - 186 = -7*s. List the prime factors of s.
2, 31
Let f(i) = -4*i + 28. Let x be f(9). What are the prime factors of x/20 + (-427)/(-5)?
5, 17
Suppose -4*d + 3575 = 9*d. List the prime factors of d.
5, 11
Let z = -15 - -20. Suppose 3*n + 98 = z*n. Suppose 0*y - 5*s = -y + 8, 4*y - 3*s - n = 0. List the prime factors of y.
13
Let d = 115 + -116. Let w be 1/4 + (-1230)/24. What are the prime factors of (d - w)/(3 + -1)?
5
List the prime factors of 5/2*(-3 + 332/20).
2, 17
Suppose -w = -5*w - 2*d + 6, 3*w - d = 7. Suppose -1 = -3*n + w*n. Let v(a) = 11*a**2 + a - 2. What are the prime factors of v(n)?
2, 5
Suppose -40*p - 23*p + 11277 = 0. List the prime factors of p.
179
Suppose 0 = 5*t + 3 + 22. Let v be t/(-20) + 30/8. Suppose -v*l - 20 = 0, 2*h + 5 = -2*l + 55. List the prime factors of h.
2, 3, 5
Let k = 62 + -20. Let f = -30 + k. Suppose 3*b - 8 = b + r, 2*b - f = -r. List the prime factors of b.
5
Let x(h) = h**3 - 21*h**2 + 0*h + 7*h**2 + 4*h - 14. Let c be x(15). Suppose n + 4*f - 61 = 0, 4*n + 3*f = -n + c. What are the prime factors of n?
53
Let h be (4/(-6))/((-12)/90). Suppose 5*o - c - 551 = -h*c, 0 = -3*c - 3. List the prime factors of o.
3, 37
Let z be (-4 + 2)/((-8)/4). Let r be (z - -1 - -1)*3. What are the prime factors of 150/r - (-6)/(-9)?
2
Let b = 827 + -262. Suppose 0 = -5*v + 2*y + b, -4*v + 313 = -v + 4*y. List the prime factors of v.
3, 37
Let m = 11 - -389. What are the prime factors of m?
2, 5
Suppose -3*y + 3*d + 2586 = 0, 3*y + y - 3484 = -5*d. List the prime factors of y.
2, 433
Let w be -2 - 6*59/(-2). Suppose -2*f = -5*g + w, 5*g + 5*f + 133 = 343. List the prime factors of g.
37
Let f(t) = t - 1. Let p(d) = 36*d**2 - 7*d + 7. Let v(l) = 5*f(l) + p(l). What are the prime factors of v(1)?
2, 3
Suppose 0 = -7*k + 9*k. Suppose s + k*g = -4*g + 23, -25 = -5*s - 2*g. Suppose -u = 2*l - 3*l + 5, -l = 3*u + s. List the prime factors of l.
3
Suppose 12*q - 8*q = 4. What are the prime factors of 134*q*(-16)/(-32)?
67
Suppose -4*z - 16 = 0, -3*z - 10 = -3*w + 8. Let t = w + 4. List the prime factors of ((-204)/36)/((-2)/t).
17
Let d(k) = -2 - 15*k - 2*k - 2 + 1. Let m(y) = -35*y - 6. Let l(v) = 9*d(v) - 4*m(v). What are the prime factors of l(-3)?
2, 3
Let j = 875 + -364. What are the prime factors of j?
7, 73
Let y be (21/4)/(-7) + 214/8. Let q = -12 + y. List the prime factors of q.
2, 7
Let h be 4/(-3) - (-12)/(-18). Let i be (1/h)/((-1)/(-14)). What are the prime factors of i/((-21)/(-117))*-1?
3, 13
Let t(c) = c**3 + 18*c**2 + 25*c + 19. List the prime factors of t(-14).
3, 151
Let h(k) = 202*k + 246. List the prime factors of h(23).
2, 1223
Suppose 0 = 3*d + 5*q - 1224 - 214, -4*q = d - 491. What are the prime factors of d?
3, 157
Let g(h) = 50*h**2 - 4*h + 4. Let s = -21 + 23. Let c be g(s). Suppose 4*w = 4*j - c, j + 2*w + 192 = 5*j. List the prime factors of j.
47
Suppose 3819 + 977 = 4*k. List the prime factors of k.
11, 109
Let c = 3 - 3. Suppose -p + l - 6*l - 15 = c, -3*l = 2*p + 2. Suppose 85 = 4*s + p. List the prime factors of s.
2, 5
Suppose -4*u + m = -918, 6*m - 4*m - 912 = -4*u. What are the prime factors of u?
229
Let i(t) = -197*t + 165. What are the prime factors of i(-5)?
2, 5, 23
Let u = -98 - -293. List the prime factors of u.
3, 5, 13
List the prime factors of (3 - (-11 + 6)) + 1546.
2, 3, 7, 37
Suppose -5*h - 2*s + 2630 = 0, 0 = -5*s - 65 + 40. What are the prime factors of h?
2, 3, 11
Let o(g) be the second derivative of -1/12*g**4 + 3/2*g**2 + 1/20*g**5 + 4*g + 0 + 1/6*g**3. What are the prime factors of o(3)?
2, 3
Suppose 3*v = -5*a + 1758, 0 = -2*v + 6*v - 5*a - 2309. List the prime factors of v.
7, 83
List the prime factors of (-806)/(-11 - 129/(-12)).
2, 13, 31
Suppose -4*s + 53 = 3*v, 8 + 58 = 3*s - 3*v. What are the prime factors of s?
17
Let q(n) = 18*n**2 - 2*n - 1. Let k be q(-1). Suppose 3*a = 4*u + k, 10 = 3*a - 5*a - 3*u. What are the prime factors of a/(-2 - 230/(-114))?
3, 19
Suppose 8*u + 52 = -5*u. What are the prime factors of 5 - u - (0 - -1)?
2
Suppose 6*u - 172 = 368. Let c = 42 + u. List the prime factors of c.
2, 3, 11
Suppose 7*j - 6*j - 585 = 0. List the prime factors of j.
3, 5, 13
Suppose 2658 = -12*t + 18*t. List the prime factors of t.
443
Let q be (-11)/(-5) - (-26)/(-130). List the prime factors of 3/(-20)*(-352)/q*5.
2, 3, 11
Suppose -5*d + 1141 = -0*h + 3*h, 0 = -4*d + 3*h + 902. What are the prime factors of d?
227
Let m be 10/6 + 1/3. Suppose -3*p = -2*a + 63, p + 62 + 3 = m*a. Suppose 2*g - a = -g. What are the prime factors of g?
11
Let m(o) be the first derivative of -o**4/12 - o**3/2 - 3*o**2 + 5. Let q(g) be the second derivative of m(g). List the prime factors of q(-8).
13
Let d = -16 + 24. Suppose j - d = -j. Suppose -j*i = -50 + 10. What are the prime factors of i?
2, 5
Let m be ((-48)/20)/6*-5. Suppose m*l = -4*l + 216. List the prime factors of l.
2, 3
Let f = -2399 + 4069. List the prime factors of f.
2, 5, 167
Suppose 5*r - 32 = -3*r. Suppose -5*s - 20 = 0, -r*z + 2*s + 788 = -s. List the prime factors of z.
2, 97
Let s(a) = a**2 + 14*a + 12. Let h be s(-13). What are the prime factors of (-5*8)/(h/3)?
2, 3, 5
Suppose 0 = d - 3*j + 7, 0 = -0*d + 3*d - j - 11. Suppose -4*l - d*b = -250, 2*b + b - 306 = -5*l. What are the prime factors of l?
2, 3, 5
List the prime factors of -1 - 4 - (-329 - (2 - 5)).
3, 107
Let i = 240 + -543. Let o = 561 + i. What are the prime factors of o?
2, 3, 43
Suppose -u = -9*u - 4*u. Suppose 2*g + 3*v - 125 = 0, -3*v = -g - u*g + 58. What are the prime factors of g?
61
Suppose 157476 = -279*r + 312*r. List the prime factors of r.
2, 1193
Let c = -19 + 2. Let b(l) = -l**2 - 16*l + 19. List the prime factors of b(c).
2
Let u(v) = -v - 1. Let t be u(-3). Suppose 40 = t*q - 0*q. Suppose 0 = 2*s + 2*n - q, -s - n = -4*n - 26. List the prime factors of s.
2, 7
Suppose 5*g = -2*p + 23, 23 = p + 3*g + 9. Suppose -35 = -3*b + 1. Let q = p + b. List the prime factors of q.
11
Suppose 2*k - 260 = -2*s + 218, 5*s - 5*k = 1155. What are the prime factors of s?
5, 47
Suppose 5*r + 2*o - 146 = 0, -5 = -r - 5*o + 15. List the prime factors of r.
2, 3, 5
Let t(j) = -82*j**3 + j**2 - 4*j + 2. Let l(w) = 83*w**3 - 2*w**2 + 5*w - 3. Let f(r) = 2*l(r) + 3*t(r). List the prime factors of f(-1).
3
Suppose 4*v = -v. Suppose x - 213 = -f, 5*x - 229 = -f - v*f. List the prime factors of f.
11, 19
Suppose -6 = -2*s, -3*s - 1096 = -2*j + 1015. List the prime factors of j/3 - (-12)/18.
2, 3, 59
Let m(x) = -11*x**3 - 12*x**2 - 31*x + 28. Let l(a) = 5*a**3 + 6*a**2 + 16*a - 14. Let w(s) = -13*l(s) - 6*m(s). List the prime factors of w(9).
59
Let u(v) = -9*v**3 - 3*v**2 - 5*v - 3. Let d(m) = m**3 + 3*m**2 - 8*m + 8. Let c be d(-5). List the prime factors of u(c).
67
Let m = 78 - 74. What are the prime factors of (22/(-4))/(m/(-16))?
2, 11
Let x = 157 + -167. Suppose -2*d - 5*c - 6 = 4, 0 = -c. Let n = d - x. List the prime factors of n.
5
Let p = 40 - 32. Suppose -195 = -p*u + 3*u. What are the prime factors of u?
3, 13
Let r be 7 + (0 - -1) - 2. Let c be r/1*(-8)/3. What are the prime factors of (-2 - c) + (-1 - -2)?
3, 5
Let x(u) be the third derivative of 10*u**2 + 0 + 0*u + 19/6*u**3 + 1/12*u**4. What are the prime factors of x(-6)?
7
Suppose 4*l = 30 + 2. Let y be (1 - l)/(4 - 3). Let r(h) = -2*h + 6. List the prime factors of r(y).
2, 5
Let x = -490 + 828. List the prime factors of x.
2, 13
Suppose 3113 = 6*i - 1531. What are the prime factors of i?
2, 3, 43
Suppose 0 = 3*o, -3*o + 217 = 4*q - 7. Suppose 0 = 2*k - 3*w - 116, k - w - q = w. List the prime factors of k.
2
Let r be (-3 + 4/3)/((-4)/12). Suppose -r*c - 6*c = -1287. List the prime factors of c.
3, 13
Let g(t) = t + 3. Let w be g(0). Let x be 6 + (-6*1 - 12/(-4)). Suppose 0*p - 3*k = -p + 9, w*p - 27 = x*k. What are the prime factors of p?
3
Suppose 4*d + 1064 = 2*r, -3*r - 2*r = 5*d - 2735. What are the prime factors of r?
2, 271
Suppose -4*s + 15 =